visor of 842976 and 6624.
288
Calculate the highest common divisor of 715 and 14233115.
65
Calculate the greatest common divisor of 13192 and 57902986.
3298
Calculate the greatest common factor of 790 and 767170.
10
Calculate the greatest common divisor of 14220908 and 52.
52
Calculate the highest common divisor of 71915 and 15105.
95
What is the greatest common divisor of 325622262 and 168?
42
What is the greatest common divisor of 108795432 and 848?
424
Calculate the greatest common factor of 50310 and 2568046.
1118
Calculate the greatest common factor of 9614100 and 41829.
219
What is the highest common factor of 208678928 and 1616?
1616
Calculate the highest common divisor of 422007 and 97311.
489
What is the highest common divisor of 4 and 2148176?
4
Calculate the highest common divisor of 2628 and 130464.
36
What is the greatest common divisor of 7467722 and 2014?
38
What is the greatest common factor of 26 and 50661?
13
Calculate the greatest common divisor of 26 and 661400.
2
Calculate the greatest common factor of 14688 and 1375232.
544
Calculate the highest common divisor of 2738 and 24332606.
2738
What is the highest common factor of 684836 and 9196?
76
What is the greatest common factor of 12153062 and 17?
17
What is the greatest common divisor of 8535 and 112935?
15
What is the highest common factor of 4650 and 1269150?
150
What is the greatest common factor of 1224 and 83880?
72
What is the highest common factor of 16074 and 1284210?
342
What is the greatest common divisor of 1505 and 6713117?
43
Calculate the greatest common divisor of 4880 and 69136.
16
What is the greatest common factor of 247320 and 195?
15
Calculate the highest common divisor of 64022 and 982702.
238
Calculate the greatest common factor of 1650 and 69204003.
33
What is the greatest common divisor of 548826 and 9454978?
4462
What is the greatest common divisor of 42183 and 656739?
387
What is the highest common factor of 2917502 and 98?
14
Calculate the highest common divisor of 72619352 and 2184.
104
Calculate the highest common divisor of 389689808 and 64.
16
Calculate the greatest common divisor of 820816 and 704.
16
What is the greatest common factor of 1656 and 7294128?
552
What is the highest common divisor of 558136530 and 30?
30
What is the highest common factor of 17 and 382139617?
17
Calculate the highest common divisor of 840 and 1136976.
24
What is the greatest common divisor of 2668 and 17588123?
667
Calculate the highest common factor of 26 and 575695367.
13
Calculate the greatest common factor of 73943420 and 37060.
2180
Calculate the highest common divisor of 1248653 and 4480.
7
Calculate the greatest common factor of 11408 and 36570080.
496
Calculate the greatest common factor of 29146 and 1399502.
494
What is the greatest common divisor of 508623929 and 3566?
1783
Calculate the highest common divisor of 36924 and 2208381.
543
Calculate the greatest common factor of 17865089 and 3036.
253
Calculate the greatest common factor of 1192 and 1152515.
149
Calculate the greatest common divisor of 6021 and 18711.
27
Calculate the highest common factor of 78 and 1206016539.
39
Calculate the highest common factor of 1031450650 and 545.
545
Calculate the highest common divisor of 86986181 and 4792.
599
What is the greatest common divisor of 548 and 13204471?
137
What is the highest common factor of 15470 and 28?
14
Calculate the greatest common factor of 3045329 and 301597.
2669
Calculate the highest common divisor of 9294 and 51996832.
3098
What is the highest common factor of 2216836 and 20?
4
What is the greatest common divisor of 11755220 and 170?
10
What is the greatest common divisor of 85253 and 176275?
641
Calculate the highest common factor of 2374922 and 198.
22
What is the highest common divisor of 185010294 and 1302?
1302
What is the highest common divisor of 11942 and 34174?
14
What is the greatest common factor of 50664064 and 88?
88
Calculate the highest common divisor of 320 and 28944000.
320
What is the greatest common factor of 10389482 and 2788?
1394
Calculate the greatest common divisor of 105 and 444566355.
15
Calculate the highest common factor of 752 and 21430496.
752
What is the greatest common factor of 1070829 and 32515017?
8301
What is the highest common factor of 104573 and 217?
7
What is the greatest common divisor of 16630 and 83630?
10
What is the highest common factor of 18305 and 7714250?
2615
Calculate the highest common factor of 404 and 9720442.
202
What is the greatest common factor of 66738 and 2778934?
454
What is the highest common factor of 349154760 and 120?
120
Calculate the highest common factor of 82842802 and 102.
34
What is the greatest common factor of 7340 and 6014396?
1468
Calculate the highest common factor of 23657623 and 1359.
151
Calculate the highest common divisor of 753952 and 760.
8
What is the greatest common factor of 41 and 3550971214?
41
What is the highest common divisor of 5931550 and 425?
25
What is the highest common factor of 7504 and 2934466?
134
What is the highest common factor of 990 and 8427620?
10
What is the greatest common factor of 1457 and 6817115?
47
Calculate the greatest common divisor of 136178182 and 14.
14
What is the highest common divisor of 88 and 1878802376?
88
What is the greatest common factor of 13275 and 15617241?
531
Calculate the highest common divisor of 3379 and 97119.
109
What is the greatest common divisor of 3551 and 84621?
67
Calculate the greatest common factor of 5017348 and 58.
58
Calculate the highest common divisor of 12 and 568376.
4
What is the highest common divisor of 641035645 and 115?
115
Calculate the greatest common divisor of 438416 and 366283.
53
Calculate the greatest common divisor of 76895 and 6469190.
455
What is the greatest common divisor of 683100 and 6345?
135
Calculate the highest common factor of 249 and 94180349.
83
Calculate the highest common factor of 1036 and 1259524.
28
Calculate the highest common factor of 133760 and 2238390.
2090
Calculate the greatest common divisor of 116 and 51385100.
116
Calculate the highest common divisor of 349015 and 2096995.
415
What is the greatest common divisor of 2864 and 226288?
16
Calculate the greatest common factor of 706027 and 23844727.
5933
Calculate the highest common divisor of 35354781 and 1428.
357
Calculate the greatest common divisor of 30070 and 113005.
485
Calculate the greatest common divisor of 204194 and 4576609.
4439
Calculate the highest common divisor of 3751 and 136235.
11
What is the greatest common divisor of 8753290 and 1118?
26
What is the greatest common factor of 2642 and 5578?
2
What is the highest common factor of 8 and 329567556?
4
What is the highest common factor of 6457 and 1964699?
11
Calculate the greatest common factor of 7079 and 751.
1
Calculate the greatest common factor of 70 and 38792726.
14
Calculate the highest common divisor of 109215 and 3789.
9
What is the greatest common divisor of 22960 and 589400?
280
What is the greatest common divisor of 55 and 44170335?
55
What is the greatest common divisor of 560 and 90056736?
112
What is the greatest common divisor of 9357 and 17352?
3
Calculate the highest common divisor of 9282754 and 3956.
1978
Calculate the greatest common factor of 144 and 13166664.
24
Calculate the greatest common factor of 5 and 25567205.
5
What is the highest common factor of 493907 and 10123?
53
Calculate the greatest common factor of 587559912 and 147447.
16383
Calculate the greatest common divisor of 132288633 and 174.
87
Calculate the highest common divisor of 3216 and 8234208.
48
What is the greatest common factor of 302511 and 181115?
979
What is the greatest common factor of 126480 and 7164720?
7440
Calculate the highest common factor of 13389089 and 7.
7
Calculate the highest common factor of 10246142 and 1106.
158
What is the greatest common divisor of 1701 and 103233375?
63
Calculate the highest common factor of 67859456 and 1064.
56
What is the greatest common divisor of 2328 and 3512273?
97
Calculate the greatest common divisor of 34632 and 18658692.
468
Calculate the greatest common factor of 18 and 14883306.
6
Calculate the greatest common factor of 16 and 1345406.
2
Calculate the highest common factor of 267689